{"id":31,"date":"2021-01-13T16:13:33","date_gmt":"2021-01-13T16:13:33","guid":{"rendered":"http:\/\/layerdrops.com\/linoorwp\/?page_id=31"},"modified":"2022-03-28T15:08:39","modified_gmt":"2022-03-28T12:08:39","slug":"contact-us","status":"publish","type":"page","link":"https:\/\/eksdanismanlik.com\/?page_id=31","title":{"rendered":"\u0130leti\u015fim"},"content":{"rendered":"\t\t<div data-elementor-type=\"wp-page\" data-elementor-id=\"31\" class=\"elementor elementor-31\">\n\t\t\t\t\t\t\t\t\t<section class=\"elementor-section elementor-top-section elementor-element elementor-element-7e45f79 elementor-section-full_width elementor-section-height-default elementor-section-height-default\" data-id=\"7e45f79\" data-element_type=\"section\">\n\t\t\t\t\t\t<div class=\"elementor-container elementor-column-gap-no\">\n\t\t\t\t\t<div class=\"elementor-column elementor-col-100 elementor-top-column elementor-element elementor-element-98237cf\" data-id=\"98237cf\" data-element_type=\"column\">\n\t\t\t<div class=\"elementor-widget-wrap elementor-element-populated\">\n\t\t\t\t\t\t\t\t<div class=\"elementor-element elementor-element-e2c1526 elementor-widget elementor-widget-linoor-contact-info\" data-id=\"e2c1526\" data-element_type=\"widget\" data-widget_type=\"linoor-contact-info.default\">\n\t\t\t\t<div class=\"elementor-widget-container\">\n\t\t\t\r\n        <!--Contact Section-->\r\n        <section class=\"contact-section p-0 \">\r\n            <div class=\"auto-container\">\r\n                                    <div class=\"sec-title centered\">\r\n                        <h2>Eks dan\u0131\u015fmanl\u0131k ile hayalleriniz ger\u00e7ekle\u015fsin.<\/h2>\r\n                    <\/div>\r\n                \r\n                <div class=\"upper-info\">\r\n                    <div class=\"row clearfix\">\r\n                                                    <div class=\"info-block col-xl-3 col-lg-6 col-md-6 col-sm-12 wow fadeInUp\" data-wow-delay=\"0ms\" data-wow-duration=\"1500ms\">\r\n                                <div class=\"inner-box\">\r\n                                    <h5>Merkez Ofis<\/h5>\r\n                                    <div class=\"text\">\r\n                                                                                <ul class=\"info ml-0 list-unstyled\">\r\n                                                                                            <li>Bay\u0131r Mah. K\u0131br\u0131s \u015eehitleri Cad Bedesten \u0130\u015f Merkezi Kat:2 No:80 Merkez\/Karab\u00fck<\/li>\r\n                                                                                            <li><a href=\"mailto:kubra@eksdanismanlik.com\">kubra@eksdanismanlik.com<\/a><\/li>\r\n                                                                                            <li><a href=\"tel:05458651768\">+90 545 865 17 68<\/a><\/li>\r\n                                                                                    <\/ul>\r\n                                    <\/div>\r\n                                <\/div>\r\n                            <\/div>\r\n                        \r\n                    <\/div>\r\n                <\/div>\r\n            <\/div>\r\n        <\/section>\r\n\r\n\t\t<\/div>\n\t\t\t\t<\/div>\n\t\t\t\t\t<\/div>\n\t\t<\/div>\n\t\t\t\t\t\t\t<\/div>\n\t\t<\/section>\n\t\t\t\t<section class=\"elementor-section elementor-top-section elementor-element elementor-element-1508d8c map-box elementor-section-boxed elementor-section-height-default elementor-section-height-default\" data-id=\"1508d8c\" data-element_type=\"section\">\n\t\t\t\t\t\t<div class=\"elementor-container elementor-column-gap-no\">\n\t\t\t\t\t<div class=\"elementor-column elementor-col-100 elementor-top-column elementor-element elementor-element-c2beef9\" data-id=\"c2beef9\" data-element_type=\"column\">\n\t\t\t<div class=\"elementor-widget-wrap elementor-element-populated\">\n\t\t\t\t\t\t\t\t<div class=\"elementor-element elementor-element-1788485 map-box elementor-widget elementor-widget-google_maps\" data-id=\"1788485\" data-element_type=\"widget\" data-widget_type=\"google_maps.default\">\n\t\t\t\t<div class=\"elementor-widget-container\">\n\t\t\t\t\t<div class=\"elementor-custom-embed\">\n\t\t\t<iframe frameborder=\"0\" scrolling=\"no\" marginheight=\"0\" marginwidth=\"0\"\n\t\t\t\t\tsrc=\"https:\/\/maps.google.com\/maps?q=Bay%C4%B1r%20Mahalle%20K%C4%B1br%C4%B1s%20%C5%9Eehitleri%20Caddesi%20Bedesten%20%C4%B0%C5%9F%20Merkezi%2C%20D%3AKat%3A2%20No%3A80%2C%2078000%20Merkez%2FKarab%C3%BCk&#038;t=m&#038;z=17&#038;output=embed&#038;iwloc=near\"\n\t\t\t\t\ttitle=\"Bay\u0131r Mahalle K\u0131br\u0131s \u015eehitleri Caddesi Bedesten \u0130\u015f Merkezi, D:Kat:2 No:80, 78000 Merkez\/Karab\u00fck\"\n\t\t\t\t\taria-label=\"Bay\u0131r Mahalle K\u0131br\u0131s \u015eehitleri Caddesi Bedesten \u0130\u015f Merkezi, D:Kat:2 No:80, 78000 Merkez\/Karab\u00fck\"\n\t\t\t><\/iframe>\n\t\t<\/div>\n\t\t\t\t<\/div>\n\t\t\t\t<\/div>\n\t\t\t\t\t<\/div>\n\t\t<\/div>\n\t\t\t\t\t\t\t<\/div>\n\t\t<\/section>\n\t\t\t\t<section class=\"elementor-section elementor-top-section elementor-element elementor-element-7492bf9 elementor-section-full_width elementor-section-height-default elementor-section-height-default\" data-id=\"7492bf9\" data-element_type=\"section\">\n\t\t\t\t\t\t<div class=\"elementor-container elementor-column-gap-no\">\n\t\t\t\t\t<div class=\"elementor-column elementor-col-100 elementor-top-column elementor-element elementor-element-2e56c7a\" data-id=\"2e56c7a\" data-element_type=\"column\">\n\t\t\t<div class=\"elementor-widget-wrap elementor-element-populated\">\n\t\t\t\t\t\t\t\t<div class=\"elementor-element elementor-element-8706bf7 elementor-widget elementor-widget-linoor-contact-form\" data-id=\"8706bf7\" data-element_type=\"widget\" data-widget_type=\"linoor-contact-form.default\">\n\t\t\t\t<div class=\"elementor-widget-container\">\n\t\t\t\r\n        \r\n        \r\n            <!--Get Quote Section-->\r\n            <section class=\"get-quote-three\">\r\n                <div class=\"auto-container\">\r\n                                            <div class=\"sec-title centered\">\r\n                            <h2>Bize D\u00fc\u015f\u00fcncelerinizi \u0130letebilirsiniz<span class=\"dot\"><\/span><\/h2>\r\n                        <\/div>\r\n                                        <div class=\"form-box\">\r\n\r\n                        <!-- loading form via plugin -->\r\n                                                    <div role=\"form\" class=\"wpcf7\" id=\"wpcf7-f124-o1\" lang=\"en-US\" dir=\"ltr\">\n<div class=\"screen-reader-response\"><p role=\"status\" aria-live=\"polite\" aria-atomic=\"true\"><\/p> <ul><\/ul><\/div>\n<form action=\"\/index.php?rest_route=%2Fwp%2Fv2%2Fpages%2F31#wpcf7-f124-o1\" method=\"post\" class=\"wpcf7-form init\" novalidate=\"novalidate\" data-status=\"init\">\n<div style=\"display: none;\">\n<input type=\"hidden\" name=\"_wpcf7\" value=\"124\" \/>\n<input type=\"hidden\" name=\"_wpcf7_version\" value=\"5.5.6.1\" \/>\n<input type=\"hidden\" name=\"_wpcf7_locale\" value=\"en_US\" \/>\n<input type=\"hidden\" name=\"_wpcf7_unit_tag\" value=\"wpcf7-f124-o1\" \/>\n<input type=\"hidden\" name=\"_wpcf7_container_post\" value=\"0\" \/>\n<input type=\"hidden\" name=\"_wpcf7_posted_data_hash\" value=\"\" \/>\n<\/div>\n<div class=\"default-form\">\n<div id=\"contact-form\">\n<div class=\"row clearfix\">\n<div class=\"form-group col-lg-6 col-md-6 col-sm-12\">\n<div class=\"field-inner\"><span class=\"wpcf7-form-control-wrap your-name\"><input type=\"text\" name=\"your-name\" value=\"\" size=\"40\" class=\"wpcf7-form-control wpcf7-text wpcf7-validates-as-required\" aria-required=\"true\" aria-invalid=\"false\" placeholder=\"Your Name\" \/><\/span> <\/div>\n<\/div>\n<div class=\"form-group col-lg-6 col-md-6 col-sm-12\">\n<div class=\"field-inner\"><span class=\"wpcf7-form-control-wrap your-email\"><input type=\"email\" name=\"your-email\" value=\"\" size=\"40\" class=\"wpcf7-form-control wpcf7-text wpcf7-email wpcf7-validates-as-required wpcf7-validates-as-email\" aria-required=\"true\" aria-invalid=\"false\" placeholder=\"Email Address\" \/><\/span> <\/div>\n<\/div>\n<div class=\"form-group col-lg-6 col-md-6 col-sm-12\">\n<div class=\"field-inner\"> <span class=\"wpcf7-form-control-wrap your-phone\"><input type=\"text\" name=\"your-phone\" value=\"\" size=\"40\" class=\"wpcf7-form-control wpcf7-text wpcf7-validates-as-required\" aria-required=\"true\" aria-invalid=\"false\" placeholder=\"Phone Number\" \/><\/span> <\/div>\n<\/div>\n<div class=\"form-group col-lg-6 col-md-6 col-sm-12\">\n<div class=\"field-inner\"> <span class=\"wpcf7-form-control-wrap your-subject\"><input type=\"text\" name=\"your-subject\" value=\"\" size=\"40\" class=\"wpcf7-form-control wpcf7-text wpcf7-validates-as-required\" aria-required=\"true\" aria-invalid=\"false\" placeholder=\"Subject\" \/><\/span> <\/div>\n<\/div>\n<div class=\"form-group col-lg-12 col-md-12 col-sm-12\">\n<div class=\"field-inner\"><span class=\"wpcf7-form-control-wrap your-message\"><textarea name=\"your-message\" cols=\"40\" rows=\"10\" class=\"wpcf7-form-control wpcf7-textarea\" aria-invalid=\"false\" placeholder=\"Write Message\"><\/textarea><\/span> <\/div>\n<\/div>\n<div class=\"form-group col-lg-12 col-md-12 col-sm-12\"><button type=\"submit\" class=\"theme-btn btn-style-one\"><i class=\"btn-curve\"><\/i><span class=\"btn-title\">Send message<\/span><\/button><\/div>\n<\/div>\n<\/div>\n<\/div>\n<div class=\"wpcf7-response-output\" aria-hidden=\"true\"><\/div><\/form><\/div>                        \r\n                    <\/div>\r\n                <\/div>\r\n            <\/section>\r\n\r\n        \r\n\r\n        \r\n\t\t<\/div>\n\t\t\t\t<\/div>\n\t\t\t\t\t<\/div>\n\t\t<\/div>\n\t\t\t\t\t\t\t<\/div>\n\t\t<\/section>\n\t\t\t\t\t\t\t<\/div>\n\t\t","protected":false},"excerpt":{"rendered":"<p>Eks dan\u0131\u015fmanl\u0131k ile hayalleriniz ger\u00e7ekle\u015fsin. Merkez Ofis Bay\u0131r Mah. K\u0131br\u0131s \u015eehitleri Cad Bedesten \u0130\u015f Merkezi Kat:2 No:80 Merkez\/Karab\u00fck kubra@eksdanismanlik.com +90 545 865 17 68 Bize D\u00fc\u015f\u00fcncelerinizi \u0130letebilirsiniz Send message<\/p>\n","protected":false},"author":1,"featured_media":0,"parent":0,"menu_order":0,"comment_status":"closed","ping_status":"closed","template":"elementor_header_footer","meta":{"footnotes":""},"class_list":["post-31","page","type-page","status-publish","hentry"],"yoast_head":"<!-- This site is optimized with the Yoast SEO plugin v18.9 - https:\/\/yoast.com\/wordpress\/plugins\/seo\/ -->\n<title>\u0130leti\u015fim - EKS Dan\u0131\u015fmanl\u0131k Kiralama<\/title>\n<meta name=\"robots\" content=\"index, follow, max-snippet:-1, max-image-preview:large, max-video-preview:-1\" \/>\n<link rel=\"canonical\" href=\"https:\/\/eksdanismanlik.com\/?page_id=31\" \/>\n<meta property=\"og:locale\" content=\"tr_TR\" \/>\n<meta property=\"og:type\" content=\"article\" \/>\n<meta property=\"og:title\" content=\"\u0130leti\u015fim - EKS Dan\u0131\u015fmanl\u0131k Kiralama\" \/>\n<meta property=\"og:description\" content=\"Eks dan\u0131\u015fmanl\u0131k ile hayalleriniz ger\u00e7ekle\u015fsin. Merkez Ofis Bay\u0131r Mah. K\u0131br\u0131s \u015eehitleri Cad Bedesten \u0130\u015f Merkezi Kat:2 No:80 Merkez\/Karab\u00fck kubra@eksdanismanlik.com +90 545 865 17 68 Bize D\u00fc\u015f\u00fcncelerinizi \u0130letebilirsiniz Send message\" \/>\n<meta property=\"og:url\" content=\"https:\/\/eksdanismanlik.com\/?page_id=31\" \/>\n<meta property=\"og:site_name\" content=\"EKS Dan\u0131\u015fmanl\u0131k Kiralama\" \/>\n<meta property=\"article:modified_time\" content=\"2022-03-28T12:08:39+00:00\" \/>\n<meta name=\"twitter:card\" content=\"summary_large_image\" \/>\n<meta name=\"twitter:label1\" content=\"Tahmini okuma s\u00fcresi\" \/>\n\t<meta name=\"twitter:data1\" content=\"1 dakika\" \/>\n<script type=\"application\/ld+json\" class=\"yoast-schema-graph\">{\"@context\":\"https:\/\/schema.org\",\"@graph\":[{\"@type\":\"WebSite\",\"@id\":\"https:\/\/eksdanismanlik.com\/#website\",\"url\":\"https:\/\/eksdanismanlik.com\/\",\"name\":\"EKS Dan\u0131\u015fmanl\u0131k Kiralama\",\"description\":\"Avm Kiralama Dan\u0131\u015fmanl\u0131k Firmas\u0131\",\"potentialAction\":[{\"@type\":\"SearchAction\",\"target\":{\"@type\":\"EntryPoint\",\"urlTemplate\":\"https:\/\/eksdanismanlik.com\/?s={search_term_string}\"},\"query-input\":\"required name=search_term_string\"}],\"inLanguage\":\"tr\"},{\"@type\":\"WebPage\",\"@id\":\"https:\/\/eksdanismanlik.com\/?page_id=31#webpage\",\"url\":\"https:\/\/eksdanismanlik.com\/?page_id=31\",\"name\":\"\u0130leti\u015fim - EKS Dan\u0131\u015fmanl\u0131k Kiralama\",\"isPartOf\":{\"@id\":\"https:\/\/eksdanismanlik.com\/#website\"},\"datePublished\":\"2021-01-13T16:13:33+00:00\",\"dateModified\":\"2022-03-28T12:08:39+00:00\",\"breadcrumb\":{\"@id\":\"https:\/\/eksdanismanlik.com\/?page_id=31#breadcrumb\"},\"inLanguage\":\"tr\",\"potentialAction\":[{\"@type\":\"ReadAction\",\"target\":[\"https:\/\/eksdanismanlik.com\/?page_id=31\"]}]},{\"@type\":\"BreadcrumbList\",\"@id\":\"https:\/\/eksdanismanlik.com\/?page_id=31#breadcrumb\",\"itemListElement\":[{\"@type\":\"ListItem\",\"position\":1,\"name\":\"Anasayfa\",\"item\":\"https:\/\/eksdanismanlik.com\/\"},{\"@type\":\"ListItem\",\"position\":2,\"name\":\"\u0130leti\u015fim\"}]}]}<\/script>\n<!-- \/ Yoast SEO plugin. -->","yoast_head_json":{"title":"\u0130leti\u015fim - EKS Dan\u0131\u015fmanl\u0131k Kiralama","robots":{"index":"index","follow":"follow","max-snippet":"max-snippet:-1","max-image-preview":"max-image-preview:large","max-video-preview":"max-video-preview:-1"},"canonical":"https:\/\/eksdanismanlik.com\/?page_id=31","og_locale":"tr_TR","og_type":"article","og_title":"\u0130leti\u015fim - EKS Dan\u0131\u015fmanl\u0131k Kiralama","og_description":"Eks dan\u0131\u015fmanl\u0131k ile hayalleriniz ger\u00e7ekle\u015fsin. Merkez Ofis Bay\u0131r Mah. K\u0131br\u0131s \u015eehitleri Cad Bedesten \u0130\u015f Merkezi Kat:2 No:80 Merkez\/Karab\u00fck kubra@eksdanismanlik.com +90 545 865 17 68 Bize D\u00fc\u015f\u00fcncelerinizi \u0130letebilirsiniz Send message","og_url":"https:\/\/eksdanismanlik.com\/?page_id=31","og_site_name":"EKS Dan\u0131\u015fmanl\u0131k Kiralama","article_modified_time":"2022-03-28T12:08:39+00:00","twitter_card":"summary_large_image","twitter_misc":{"Tahmini okuma s\u00fcresi":"1 dakika"},"schema":{"@context":"https:\/\/schema.org","@graph":[{"@type":"WebSite","@id":"https:\/\/eksdanismanlik.com\/#website","url":"https:\/\/eksdanismanlik.com\/","name":"EKS Dan\u0131\u015fmanl\u0131k Kiralama","description":"Avm Kiralama Dan\u0131\u015fmanl\u0131k Firmas\u0131","potentialAction":[{"@type":"SearchAction","target":{"@type":"EntryPoint","urlTemplate":"https:\/\/eksdanismanlik.com\/?s={search_term_string}"},"query-input":"required name=search_term_string"}],"inLanguage":"tr"},{"@type":"WebPage","@id":"https:\/\/eksdanismanlik.com\/?page_id=31#webpage","url":"https:\/\/eksdanismanlik.com\/?page_id=31","name":"\u0130leti\u015fim - EKS Dan\u0131\u015fmanl\u0131k Kiralama","isPartOf":{"@id":"https:\/\/eksdanismanlik.com\/#website"},"datePublished":"2021-01-13T16:13:33+00:00","dateModified":"2022-03-28T12:08:39+00:00","breadcrumb":{"@id":"https:\/\/eksdanismanlik.com\/?page_id=31#breadcrumb"},"inLanguage":"tr","potentialAction":[{"@type":"ReadAction","target":["https:\/\/eksdanismanlik.com\/?page_id=31"]}]},{"@type":"BreadcrumbList","@id":"https:\/\/eksdanismanlik.com\/?page_id=31#breadcrumb","itemListElement":[{"@type":"ListItem","position":1,"name":"Anasayfa","item":"https:\/\/eksdanismanlik.com\/"},{"@type":"ListItem","position":2,"name":"\u0130leti\u015fim"}]}]}},"_links":{"self":[{"href":"https:\/\/eksdanismanlik.com\/index.php?rest_route=\/wp\/v2\/pages\/31","targetHints":{"allow":["GET"]}}],"collection":[{"href":"https:\/\/eksdanismanlik.com\/index.php?rest_route=\/wp\/v2\/pages"}],"about":[{"href":"https:\/\/eksdanismanlik.com\/index.php?rest_route=\/wp\/v2\/types\/page"}],"author":[{"embeddable":true,"href":"https:\/\/eksdanismanlik.com\/index.php?rest_route=\/wp\/v2\/users\/1"}],"replies":[{"embeddable":true,"href":"https:\/\/eksdanismanlik.com\/index.php?rest_route=%2Fwp%2Fv2%2Fcomments&post=31"}],"version-history":[{"count":28,"href":"https:\/\/eksdanismanlik.com\/index.php?rest_route=\/wp\/v2\/pages\/31\/revisions"}],"predecessor-version":[{"id":1850,"href":"https:\/\/eksdanismanlik.com\/index.php?rest_route=\/wp\/v2\/pages\/31\/revisions\/1850"}],"wp:attachment":[{"href":"https:\/\/eksdanismanlik.com\/index.php?rest_route=%2Fwp%2Fv2%2Fmedia&parent=31"}],"curies":[{"name":"wp","href":"https:\/\/api.w.org\/{rel}","templated":true}]}}